{"id":28,"date":"2018-10-24T16:13:49","date_gmt":"2018-10-24T16:13:49","guid":{"rendered":"https:\/\/davidstrauss.site\/?page_id=28"},"modified":"2018-10-28T19:23:56","modified_gmt":"2018-10-28T19:23:56","slug":"28-2","status":"publish","type":"page","link":"https:\/\/davidstrauss.site\/?page_id=28&lang=es","title":{"rendered":"Sobre m\u00ed"},"content":{"rendered":"\n<p>Me llamo Dr. David Strauss. Despu\u00e9s de la escuela y el servicio militar, estudi\u00e9 econom\u00eda y filosof\u00eda en la universidad de Tuebingen, antes de continuar mi doctorado en econom\u00eda en el Instituto Universitario Europeo de Florencia. Desde 2014 hasta 2018, fui profesor de econom\u00eda en una universidad en la Ciudad de M\u00e9xico (CIDE).<\/p>\n","protected":false},"excerpt":{"rendered":"<p>Me llamo Dr. David Strauss. Despu\u00e9s de la escuela y el servicio militar, estudi\u00e9 econom\u00eda y filosof\u00eda en la universidad de Tuebingen, antes de continuar mi doctorado en econom\u00eda en el Instituto Universitario Europeo de Florencia. Desde 2014 hasta 2018, fui profesor de econom\u00eda en una universidad en la Ciudad de M\u00e9xico (CIDE).<\/p>\n","protected":false},"author":1,"featured_media":0,"parent":0,"menu_order":0,"comment_status":"closed","ping_status":"closed","template":"","meta":{"nf_dc_page":"","_monsterinsights_skip_tracking":false,"_monsterinsights_sitenote_active":false,"_monsterinsights_sitenote_note":"","_monsterinsights_sitenote_category":0,"ngg_post_thumbnail":0,"footnotes":""},"class_list":["post-28","page","type-page","status-publish","hentry"],"yoast_head":"<!-- This site is optimized with the Yoast SEO plugin v24.9 - https:\/\/yoast.com\/wordpress\/plugins\/seo\/ -->\n<title>Sobre m\u00ed - David Strauss<\/title>\n<meta name=\"robots\" content=\"index, follow, max-snippet:-1, max-image-preview:large, max-video-preview:-1\" \/>\n<link rel=\"canonical\" href=\"https:\/\/davidstrauss.site\/?page_id=28&lang=es\" \/>\n<meta property=\"og:locale\" content=\"en_US\" \/>\n<meta property=\"og:type\" content=\"article\" \/>\n<meta property=\"og:title\" content=\"Sobre m\u00ed - David Strauss\" \/>\n<meta property=\"og:description\" content=\"Me llamo Dr. David Strauss. Despu\u00e9s de la escuela y el servicio militar, estudi\u00e9 econom\u00eda y filosof\u00eda en la universidad de Tuebingen, antes de continuar mi doctorado en econom\u00eda en el Instituto Universitario Europeo de Florencia. Desde 2014 hasta 2018, fui profesor de econom\u00eda en una universidad en la Ciudad de M\u00e9xico (CIDE).\" \/>\n<meta property=\"og:url\" content=\"https:\/\/davidstrauss.site\/?page_id=28&amp;lang=es\" \/>\n<meta property=\"og:site_name\" content=\"David Strauss\" \/>\n<meta property=\"article:modified_time\" content=\"2018-10-28T19:23:56+00:00\" \/>\n<meta name=\"twitter:card\" content=\"summary_large_image\" \/>\n<script type=\"application\/ld+json\" class=\"yoast-schema-graph\">{\"@context\":\"https:\/\/schema.org\",\"@graph\":[{\"@type\":\"WebPage\",\"@id\":\"https:\/\/davidstrauss.site\/?page_id=28&lang=es\",\"url\":\"https:\/\/davidstrauss.site\/?page_id=28&lang=es\",\"name\":\"Sobre m\u00ed - David Strauss\",\"isPartOf\":{\"@id\":\"https:\/\/davidstrauss.site\/#website\"},\"datePublished\":\"2018-10-24T16:13:49+00:00\",\"dateModified\":\"2018-10-28T19:23:56+00:00\",\"breadcrumb\":{\"@id\":\"https:\/\/davidstrauss.site\/?page_id=28&lang=es#breadcrumb\"},\"inLanguage\":\"en-US\",\"potentialAction\":[{\"@type\":\"ReadAction\",\"target\":[\"https:\/\/davidstrauss.site\/?page_id=28&lang=es\"]}]},{\"@type\":\"BreadcrumbList\",\"@id\":\"https:\/\/davidstrauss.site\/?page_id=28&lang=es#breadcrumb\",\"itemListElement\":[{\"@type\":\"ListItem\",\"position\":1,\"name\":\"Home\",\"item\":\"https:\/\/davidstrauss.site\/\"},{\"@type\":\"ListItem\",\"position\":2,\"name\":\"Sobre m\u00ed\"}]},{\"@type\":\"WebSite\",\"@id\":\"https:\/\/davidstrauss.site\/#website\",\"url\":\"https:\/\/davidstrauss.site\/\",\"name\":\"David Strauss\",\"description\":\"Painting for life\",\"potentialAction\":[{\"@type\":\"SearchAction\",\"target\":{\"@type\":\"EntryPoint\",\"urlTemplate\":\"https:\/\/davidstrauss.site\/?s={search_term_string}\"},\"query-input\":{\"@type\":\"PropertyValueSpecification\",\"valueRequired\":true,\"valueName\":\"search_term_string\"}}],\"inLanguage\":\"en-US\"}]}<\/script>\n<!-- \/ Yoast SEO plugin. -->","yoast_head_json":{"title":"Sobre m\u00ed - David Strauss","robots":{"index":"index","follow":"follow","max-snippet":"max-snippet:-1","max-image-preview":"max-image-preview:large","max-video-preview":"max-video-preview:-1"},"canonical":"https:\/\/davidstrauss.site\/?page_id=28&lang=es","og_locale":"en_US","og_type":"article","og_title":"Sobre m\u00ed - David Strauss","og_description":"Me llamo Dr. David Strauss. Despu\u00e9s de la escuela y el servicio militar, estudi\u00e9 econom\u00eda y filosof\u00eda en la universidad de Tuebingen, antes de continuar mi doctorado en econom\u00eda en el Instituto Universitario Europeo de Florencia. Desde 2014 hasta 2018, fui profesor de econom\u00eda en una universidad en la Ciudad de M\u00e9xico (CIDE).","og_url":"https:\/\/davidstrauss.site\/?page_id=28&lang=es","og_site_name":"David Strauss","article_modified_time":"2018-10-28T19:23:56+00:00","twitter_card":"summary_large_image","schema":{"@context":"https:\/\/schema.org","@graph":[{"@type":"WebPage","@id":"https:\/\/davidstrauss.site\/?page_id=28&lang=es","url":"https:\/\/davidstrauss.site\/?page_id=28&lang=es","name":"Sobre m\u00ed - David Strauss","isPartOf":{"@id":"https:\/\/davidstrauss.site\/#website"},"datePublished":"2018-10-24T16:13:49+00:00","dateModified":"2018-10-28T19:23:56+00:00","breadcrumb":{"@id":"https:\/\/davidstrauss.site\/?page_id=28&lang=es#breadcrumb"},"inLanguage":"en-US","potentialAction":[{"@type":"ReadAction","target":["https:\/\/davidstrauss.site\/?page_id=28&lang=es"]}]},{"@type":"BreadcrumbList","@id":"https:\/\/davidstrauss.site\/?page_id=28&lang=es#breadcrumb","itemListElement":[{"@type":"ListItem","position":1,"name":"Home","item":"https:\/\/davidstrauss.site\/"},{"@type":"ListItem","position":2,"name":"Sobre m\u00ed"}]},{"@type":"WebSite","@id":"https:\/\/davidstrauss.site\/#website","url":"https:\/\/davidstrauss.site\/","name":"David Strauss","description":"Painting for life","potentialAction":[{"@type":"SearchAction","target":{"@type":"EntryPoint","urlTemplate":"https:\/\/davidstrauss.site\/?s={search_term_string}"},"query-input":{"@type":"PropertyValueSpecification","valueRequired":true,"valueName":"search_term_string"}}],"inLanguage":"en-US"}]}},"_links":{"self":[{"href":"https:\/\/davidstrauss.site\/index.php?rest_route=\/wp\/v2\/pages\/28","targetHints":{"allow":["GET"]}}],"collection":[{"href":"https:\/\/davidstrauss.site\/index.php?rest_route=\/wp\/v2\/pages"}],"about":[{"href":"https:\/\/davidstrauss.site\/index.php?rest_route=\/wp\/v2\/types\/page"}],"author":[{"embeddable":true,"href":"https:\/\/davidstrauss.site\/index.php?rest_route=\/wp\/v2\/users\/1"}],"replies":[{"embeddable":true,"href":"https:\/\/davidstrauss.site\/index.php?rest_route=%2Fwp%2Fv2%2Fcomments&post=28"}],"version-history":[{"count":5,"href":"https:\/\/davidstrauss.site\/index.php?rest_route=\/wp\/v2\/pages\/28\/revisions"}],"predecessor-version":[{"id":113,"href":"https:\/\/davidstrauss.site\/index.php?rest_route=\/wp\/v2\/pages\/28\/revisions\/113"}],"wp:attachment":[{"href":"https:\/\/davidstrauss.site\/index.php?rest_route=%2Fwp%2Fv2%2Fmedia&parent=28"}],"curies":[{"name":"wp","href":"https:\/\/api.w.org\/{rel}","templated":true}]}}