{"id":164,"date":"2018-11-02T15:31:43","date_gmt":"2018-11-02T15:31:43","guid":{"rendered":"https:\/\/davidstrauss.site\/?page_id=164"},"modified":"2026-03-15T19:59:04","modified_gmt":"2026-03-15T19:59:04","slug":"malerei","status":"publish","type":"page","link":"https:\/\/davidstrauss.site\/?page_id=164","title":{"rendered":"David Strauss Malerei"},"content":{"rendered":"<p><span data-mce-type=\"bookmark\" style=\"display: inline-block; width: 0px; overflow: hidden; line-height: 0;\" class=\"mce_SELRES_start\">\ufeff<\/span> Hier geht es direkt zu den neusten figurative Bildern aus 2024 und 2025.<a href=\"https:\/\/davidstrauss.site\/?page_id=2916\"><strong> Menschliche Emotionen (2024-25)<\/strong><\/a> und \r\n\r\n<a href=\"https:\/\/davidstrauss.site\/?page_id=3052\"><strong>Eine Welt in Gefahr (2024-25) <\/strong><\/a>\r\n\r\n\r\n<div class=\"wp-block-columns\">\r\n<div class=\"wp-block-column\">\r\n<a href=\"https:\/\/davidstrauss.site\/?page_id=2916\"><img decoding=\"async\" src=\"http:\/\/davidstrauss.site\/wp-content\/uploads\/2026\/03\/DSC_6232-1024x620.jpg\" alt=\"\" width=\"480\" height=\"291\" class=\"aligncenter size-large wp-image-3073\" srcset=\"http:\/\/davidstrauss.site\r\n\/wp-content\/uploads\/2026\/03\/DSC_6232-1024x620.jpg 1024w, http:\/\/davidstrauss.site\r\n\/wp-content\/uploads\/2026\/03\/DSC_6232-300x182.jpg 300w, http:\/\/davidstrauss.site\r\n\/wp-content\/uploads\/2026\/03\/DSC_6232-768x465.jpg 768w, http:\/\/davidstrauss.site\r\n\/wp-content\/uploads\/2026\/03\/DSC_6232-1536x931.jpg 1536w, http:\/\/davidstrauss.site\r\n\/wp-content\/uploads\/2026\/03\/DSC_6232-2048x1241.jpg 2048w\" sizes=\"(max-width: 480px) 100vw, 480px\" \/>\r\n<\/a><\/div>\r\n<div class=\"wp-block-column\">\r\n<a href=\"https:\/\/davidstrauss.site\/?page_id=3052\"><img decoding=\"async\" src=\"http:\/\/davidstrauss.site\/wp-content\/uploads\/2026\/03\/DSC_6308-1024x803.jpg\" alt=\"\" width=\"480\" height=\"376\" class=\"aligncenter size-large wp-image-3074 is-layout-flex wp-container-core-columns-is-layout-8f761849 wp-block-columns-is-layout-flex\" srcset=\"http:\/\/davidstrauss.site\r\n\/wp-content\/uploads\/2026\/03\/DSC_6308-1024x803.jpg 1024w, http:\/\/davidstrauss.site\r\n\/wp-content\/uploads\/2026\/03\/DSC_6308-300x235.jpg 300w, http:\/\/davidstrauss.site\r\n\/wp-content\/uploads\/2026\/03\/DSC_6308-768x602.jpg 768w, http:\/\/davidstrauss.site\r\n\/wp-content\/uploads\/2026\/03\/DSC_6308-1536x1205.jpg 1536w, http:\/\/davidstrauss.site\r\n\/wp-content\/uploads\/2026\/03\/DSC_6308-2048x1607.jpg 2048w\" sizes=\"(max-width: 480px) 100vw, 480px\" \/><\/a><\/div>\r\n<\/div>\r\n<\/p>\r\n\r\n<p>David Strauss, Maler, \u00d6konom, Philosoph, K\u00fcnstler. Hier einige Werke. Alle Werke (so nicht anders vermerkt) sind \u00d6l auf Leinwand. Die figurative Malerei teilt sich in:<\/p>\r\n\r\n<p><em><a href=\"https:\/\/davidstrauss.site\/?page_id=2486\">Philosophische figurative Malerei<\/a><\/em> finden Sie <em><a href=\"https:\/\/davidstrauss.site\/?page_id=2486\">hier.<\/a><\/em> <\/p>\r\n\r\n<p><em><a href=\"https:\/\/davidstrauss.site\/?page_id=2472\">Natur ist Leben<\/a><\/em> ist <em><a href=\"https:\/\/davidstrauss.site\/?page_id=2472\">hier<\/a><\/em> zu finden.<\/p>\r\n\r\n<p><em><a href=\"https:\/\/davidstrauss.site\/?page_id=2565\">Menschen der Welt<\/a><\/em> ist <em><a href=\"https:\/\/davidstrauss.site\/?page_id=2565\">hier<\/a><\/em> zu finden.<\/p>\r\n\r\n<p><em><a href=\"https:\/\/davidstrauss.site\/?page_id=680\">Abstrakte Malerei<\/a><\/em> ist <em><a href=\"https:\/\/davidstrauss.site\/?page_id=680\">hier<\/a><\/em> zu finden.<\/p>\r\n\r\nngg_shortcode_0_placeholder\r\n<h3>&nbsp;<\/h3>\r\n<h2 style=\"text-align: center;\"><strong><em>When did we go wrong?<\/em><\/strong><\/h2>\r\n<em>&nbsp;<\/em>\r\n<p style=\"text-align: center;\"><em>Als B\u00e4ume sich in Holzlieferanten verwandelten?<\/em><\/p>\r\n<p style=\"text-align: center;\"><em>Seen Naherholunsgebieten wurden?<\/em><\/p>\r\n<p style=\"text-align: center;\"><em>Tiere nichts als Spielzeug und Essen?<\/em><\/p>\r\n<p style=\"text-align: center;\"><em>Und die Natur zur blo\u00dfen Ressource verkam?<\/em><\/p>\r\n<p style=\"text-align: center;\"><em>Als wir Konsumj\u00e4ger wurden? Unser Ego begann das Leben zu dominieren?<\/em><\/p>\r\n<p style=\"text-align: center;\"><em>Erinnert Ihr Euch? &#8211; als die Instrumentalisierung unser Gott wurde?<\/em><\/p>\r\n\r\n<div class=\"wp-block-columns is-layout-flex wp-container-core-columns-is-layout-8f761849 wp-block-columns-is-layout-flex\">\r\n\r\n\r\n\r\n<\/div>\r\nngg_shortcode_1_placeholder\r\n\r\n\r\n\r\n<h2 style=\"text-align: center;\">&nbsp;<\/h2>\r\n<h2 style=\"text-align: center;\"><strong>Verborgen<\/strong><\/h2>\r\n<p style=\"text-align: center;\">Wenn Gedanken von W\u00f6rtern verschleiert,\r\nGef\u00fchle in Sprache erdr\u00fcckt.<\/p>\r\n<p style=\"text-align: center;\">Versuch ich vergebens Dich zu erreichen,\r\ndoch ewig mein Sein an deiner Welt gebricht.<\/p>\r\n<p style=\"text-align: center;\">Selbst die zarteste Ber\u00fchrung,\r\nnie ihren wahren Sinn in Deiner Welt enth\u00fcllt.<\/p>\r\n<p style=\"text-align: center;\">Bleibt mein Sein Dir immer verborgen,\r\nda mein Gott nicht Deiner &#8211; und ich Dir entr\u00fcckt.<\/p>\r\n\r\n\r\nngg_shortcode_2_placeholder\r\n\r\n\r\n<h2 style=\"text-align: center;\"><strong>Der Sturm\r\n<\/strong><\/h2>\r\n<p style=\"text-align: center;\">Wenn der Sturm tobt\r\nwas k\u00f6nnen wir tun?<\/p>\r\n<p style=\"text-align: center;\">Keine Waffen zum verteidigen,\r\nnirgends ein sicher Versteck.<\/p>\r\n<p style=\"text-align: center;\">Langsam zermalmt er alles,\r\nnichts au\u00dfer Ein\u00f6de verbleibt.<\/p>\r\n<p style=\"text-align: center;\">Bald werden wir alle weg sein,\r\nlang vergessen in Zeit.<\/p>\r\n<p style=\"text-align: center;\">Das Traurigste von allem:<\/p>\r\n<p style=\"text-align: center;\">Bruder erschl\u00e4gt Bruder,<\/p>\r\n<p style=\"text-align: center;\">weil der Sturm &#8211; Menschheit ger\u00fchmt &#8211;<\/p>\r\n<p style=\"text-align: center;\">zu blind zu erkennen: Wir sind nichts als Leben.<\/p>\r\n\r\nngg_shortcode_3_placeholder\r\n\r\n\r\n\r\n<p style=\"text-align: center;\"><em><strong>F\u00fcr Virunga sterben<\/strong><\/em><\/p>\r\n<p style=\"text-align: center;\">Wir nennen uns erwachsen und fortschrittlich &#8211;\r\neine Kultur mit hohen Werten,<\/p>\r\n<p style=\"text-align: center;\">kritisieren andere Gesellschaften als r\u00fcckschrittlich,\r\ndoch was enth\u00fcllt der forsche Blick:<\/p>\r\n<p style=\"text-align: center;\">Wir t\u00f6ten Spezies Millionen Jahre alt,\r\nf\u00fcrs schwarze Gold und ein wenig Bling Bling.<\/p>\r\n<p style=\"text-align: center;\">Das neue Auto nicht schmutzig,\r\nheisst nicht die H\u00e4nde nicht blutig.<\/p>\r\n<p style=\"text-align: center;\">Die Kosten in unser perfidem System verschleiert,<\/p>\r\n<p style=\"text-align: center;\">Millionen Tiere sterben t\u00e4glich f\u00fcr unsern Konsum.<\/p>\r\n<p style=\"text-align: center;\">Wir stehlen ihren Lebensraum, verschmutzen die Luft,<\/p>\r\n<p style=\"text-align: center;\">Dschungel zu W\u00fcsten &#8211; nichts anders als wenn wir sie selbst erschie\u00dfen.<\/p>\r\n<p style=\"text-align: center;\">Wer sind wir, dass wir denken wir haben das Recht\r\ndie letzten Silberr\u00fccken zu ermorden,<\/p>\r\n<p style=\"text-align: center;\">um das neue Handy zu kaufen mit dem \u00d6l Virungas,<\/p>\r\n<p style=\"text-align: center;\">\r\nund aus dem Zoo ein Foto auf Facebook zu posten als Liebhaber der Natur.<\/p>\r\n\r\nngg_shortcode_4_placeholder\r\n\r\n\r\n<h2 style=\"text-align: center;\">Der Tanz der Stille<\/h2>\r\n<p style=\"text-align: center;\">Sie wollen mich erdr\u00fccken\r\nmit all dem L\u00e4rm und Schrein,<\/p>\r\n<p style=\"text-align: center;\">&nbsp;&nbsp;&nbsp;&nbsp;&nbsp;&nbsp;&nbsp;&nbsp;&nbsp;&nbsp;&nbsp;&nbsp;&nbsp;&nbsp; wer lautest schreit\r\n&nbsp;&nbsp;&nbsp;&nbsp;&nbsp;&nbsp;&nbsp;&nbsp;&nbsp;&nbsp;&nbsp;&nbsp;&nbsp;&nbsp; verbreitet Wahrheit &#8211;\r\n&nbsp;&nbsp;&nbsp;&nbsp;&nbsp;&nbsp;&nbsp;&nbsp;&nbsp;&nbsp;&nbsp;&nbsp;&nbsp;&nbsp; in heutger Zeit\r\n&nbsp;&nbsp;&nbsp;&nbsp;&nbsp;&nbsp;&nbsp;&nbsp;&nbsp;&nbsp;&nbsp;&nbsp;&nbsp;&nbsp; vergessen die Ruh<\/p>\r\n<p style=\"text-align: center;\">Doch bevor ich mich ergebe\r\nEuren Werten und Sein<\/p>\r\n<p style=\"text-align: center;\">&nbsp;&nbsp;&nbsp;&nbsp;&nbsp;&nbsp;&nbsp;&nbsp;&nbsp;&nbsp;&nbsp;&nbsp;&nbsp;&nbsp; Kehr ich lieber ein\r\n&nbsp;&nbsp;&nbsp;&nbsp;&nbsp;&nbsp;&nbsp;&nbsp;&nbsp;&nbsp;&nbsp;&nbsp;&nbsp;&nbsp; In mein eigen Sein\r\n&nbsp;&nbsp;&nbsp;&nbsp;&nbsp;&nbsp;&nbsp;&nbsp;&nbsp;&nbsp;&nbsp;&nbsp;&nbsp;&nbsp; Und spiel mein eigen Lied\r\n&nbsp;&nbsp;&nbsp;&nbsp;&nbsp;&nbsp;&nbsp;&nbsp;&nbsp;&nbsp;&nbsp;&nbsp;&nbsp;&nbsp; im Tanz der Stille.<\/p>\r\n\r\n<div class=\"wp-block-columns is-layout-flex wp-container-core-columns-is-layout-8f761849 wp-block-columns-is-layout-flex\">\r\n\r\n\r\n\r\n<\/div>\r\nngg_shortcode_5_placeholder\r\n\r\n\r\n<h3 style=\"text-align: center;\">Abgesang<\/h3>\r\n<p style=\"text-align: center;\">Die Kirchenglocken l\u00e4uten zum letzten Gesang,\r\nich schon l\u00e4ngst in der Stille sch\u00f6ner Klang.<\/p>\r\n<p style=\"text-align: center;\">Sie trauern um meiner Seele Friede,\r\nin der G\u00f6tter Kampf um Menschen Liebe.<\/p>\r\n<p style=\"text-align: center;\">Stehn inmitten Ihrer grauen, kahlen W\u00fcste;\r\ndenken ich muss doch finden Ihres Gottes Br\u00fcste.<\/p>\r\n<p style=\"text-align: center;\">Doch bin ich schon l\u00e4ngst angekommen,\r\nin des Lebensgottes Harem aufgenommen.<\/p>\r\n&nbsp;\r\n<figure><figcaption><\/figcaption><\/figure>\r\n\r\n<div class=\"wp-block-columns\">\r\n\r\n\r\n<\/div>\r\n\r\n\r\nWeiter Informationen zu <a href=\"https:\/\/davidstrauss.site\/home\/uber-mich\/\" target=\"_blank\" rel=\"noopener noreferrer\">meinem Leben<\/a>, meiner <a href=\"https:\/\/davidstrauss.site\/philosophie-des-lebens\/\" target=\"_blank\" rel=\"noopener noreferrer\">Philosopie<\/a>, und <a href=\"https:\/\/davidstrauss.site\/leben-lernen\/\" target=\"_blank\" rel=\"noopener noreferrer\">Leben <\/a>finden sie in den entsprechenden Links.<span data-mce-type=\"bookmark\" style=\"display: inline-block; width: 0px; overflow: hidden; line-height: 0;\" class=\"mce_SELRES_start\">\ufeff<\/span><span data-mce-type=\"bookmark\" style=\"display: inline-block; width: 0px; overflow: hidden; line-height: 0;\" class=\"mce_SELRES_start\">\ufeff<\/span>","protected":false},"excerpt":{"rendered":"<p>\ufeff Hier geht es direkt zu den neusten figurative Bildern aus 2024 und 2025. Menschliche Emotionen (2024-25) und Eine Welt in Gefahr (2024-25) Weiter Informationen zu meinem Leben, meiner Philosopie, und Leben finden sie in den entsprechenden Links.\ufeff\ufeff<\/p>\n","protected":false},"author":1,"featured_media":0,"parent":0,"menu_order":0,"comment_status":"closed","ping_status":"closed","template":"","meta":{"nf_dc_page":"","_crdt_document":"","_monsterinsights_skip_tracking":false,"_monsterinsights_sitenote_active":false,"_monsterinsights_sitenote_note":"","_monsterinsights_sitenote_category":0,"ngg_post_thumbnail":0,"footnotes":""},"class_list":["post-164","page","type-page","status-publish","hentry"],"yoast_head":"<!-- This site is optimized with the Yoast SEO plugin v27.5 - https:\/\/yoast.com\/product\/yoast-seo-wordpress\/ -->\n<title>David Strauss Malerei - Bilder und Gedichte des Lebens<\/title>\n<meta name=\"description\" content=\"Bilder des Malers David Strauss, sowie Gedichte. Die Bilder stehen zum Verkauf, soweit nicht anders vermerkt. Werke des Lebens\" \/>\n<meta name=\"robots\" content=\"index, follow, max-snippet:-1, max-image-preview:large, max-video-preview:-1\" \/>\n<link rel=\"canonical\" href=\"https:\/\/davidstrauss.site\/?page_id=164\" \/>\n<meta property=\"og:locale\" content=\"en_US\" \/>\n<meta property=\"og:type\" content=\"article\" \/>\n<meta property=\"og:title\" content=\"David Strauss Malerei - Bilder und Gedichte des Lebens\" \/>\n<meta property=\"og:description\" content=\"Bilder des Malers David Strauss, sowie Gedichte. Die Bilder stehen zum Verkauf, soweit nicht anders vermerkt. Werke des Lebens\" \/>\n<meta property=\"og:url\" content=\"https:\/\/davidstrauss.site\/?page_id=164\" \/>\n<meta property=\"og:site_name\" content=\"David Strauss\" \/>\n<meta property=\"article:modified_time\" content=\"2026-03-15T19:59:04+00:00\" \/>\n<meta property=\"og:image\" content=\"https:\/\/davidstrauss.site\/wp-content\/uploads\/2026\/03\/DSC_6232.jpg\" \/>\n\t<meta property=\"og:image:width\" content=\"2446\" \/>\n\t<meta property=\"og:image:height\" content=\"1482\" \/>\n\t<meta property=\"og:image:type\" content=\"image\/jpeg\" \/>\n<meta name=\"twitter:card\" content=\"summary_large_image\" \/>\n<meta name=\"twitter:label1\" content=\"Est. reading time\" \/>\n\t<meta name=\"twitter:data1\" content=\"3 minutes\" \/>\n<script type=\"application\/ld+json\" class=\"yoast-schema-graph\">{\"@context\":\"https:\\\/\\\/schema.org\",\"@graph\":[{\"@type\":\"WebPage\",\"@id\":\"https:\\\/\\\/davidstrauss.site\\\/?page_id=164\",\"url\":\"https:\\\/\\\/davidstrauss.site\\\/?page_id=164\",\"name\":\"David Strauss Malerei - Bilder und Gedichte des Lebens\",\"isPartOf\":{\"@id\":\"https:\\\/\\\/davidstrauss.site\\\/#website\"},\"primaryImageOfPage\":{\"@id\":\"https:\\\/\\\/davidstrauss.site\\\/?page_id=164#primaryimage\"},\"image\":{\"@id\":\"https:\\\/\\\/davidstrauss.site\\\/?page_id=164#primaryimage\"},\"thumbnailUrl\":\"http:\\\/\\\/davidstrauss.site\\\/wp-content\\\/uploads\\\/2026\\\/03\\\/DSC_6232-1024x620.jpg\",\"datePublished\":\"2018-11-02T15:31:43+00:00\",\"dateModified\":\"2026-03-15T19:59:04+00:00\",\"description\":\"Bilder des Malers David Strauss, sowie Gedichte. Die Bilder stehen zum Verkauf, soweit nicht anders vermerkt. Werke des Lebens\",\"breadcrumb\":{\"@id\":\"https:\\\/\\\/davidstrauss.site\\\/?page_id=164#breadcrumb\"},\"inLanguage\":\"en-US\",\"potentialAction\":[{\"@type\":\"ReadAction\",\"target\":[\"https:\\\/\\\/davidstrauss.site\\\/?page_id=164\"]}]},{\"@type\":\"ImageObject\",\"inLanguage\":\"en-US\",\"@id\":\"https:\\\/\\\/davidstrauss.site\\\/?page_id=164#primaryimage\",\"url\":\"https:\\\/\\\/davidstrauss.site\\r\\n\\\/wp-content\\\/uploads\\\/2026\\\/03\\\/DSC_6232.jpg\",\"contentUrl\":\"https:\\\/\\\/davidstrauss.site\\r\\n\\\/wp-content\\\/uploads\\\/2026\\\/03\\\/DSC_6232.jpg\",\"width\":2446,\"height\":1482},{\"@type\":\"BreadcrumbList\",\"@id\":\"https:\\\/\\\/davidstrauss.site\\\/?page_id=164#breadcrumb\",\"itemListElement\":[{\"@type\":\"ListItem\",\"position\":1,\"name\":\"Home\",\"item\":\"https:\\\/\\\/davidstrauss.site\\\/\"},{\"@type\":\"ListItem\",\"position\":2,\"name\":\"David Strauss Malerei\"}]},{\"@type\":\"WebSite\",\"@id\":\"https:\\\/\\\/davidstrauss.site\\\/#website\",\"url\":\"https:\\\/\\\/davidstrauss.site\\\/\",\"name\":\"David Strauss\",\"description\":\"Painting for life\",\"potentialAction\":[{\"@type\":\"SearchAction\",\"target\":{\"@type\":\"EntryPoint\",\"urlTemplate\":\"https:\\\/\\\/davidstrauss.site\\\/?s={search_term_string}\"},\"query-input\":{\"@type\":\"PropertyValueSpecification\",\"valueRequired\":true,\"valueName\":\"search_term_string\"}}],\"inLanguage\":\"en-US\"}]}<\/script>\n<!-- \/ Yoast SEO plugin. -->","yoast_head_json":{"title":"David Strauss Malerei - Bilder und Gedichte des Lebens","description":"Bilder des Malers David Strauss, sowie Gedichte. Die Bilder stehen zum Verkauf, soweit nicht anders vermerkt. Werke des Lebens","robots":{"index":"index","follow":"follow","max-snippet":"max-snippet:-1","max-image-preview":"max-image-preview:large","max-video-preview":"max-video-preview:-1"},"canonical":"https:\/\/davidstrauss.site\/?page_id=164","og_locale":"en_US","og_type":"article","og_title":"David Strauss Malerei - Bilder und Gedichte des Lebens","og_description":"Bilder des Malers David Strauss, sowie Gedichte. Die Bilder stehen zum Verkauf, soweit nicht anders vermerkt. Werke des Lebens","og_url":"https:\/\/davidstrauss.site\/?page_id=164","og_site_name":"David Strauss","article_modified_time":"2026-03-15T19:59:04+00:00","og_image":[{"width":2446,"height":1482,"url":"https:\/\/davidstrauss.site\r\n\/wp-content\/uploads\/2026\/03\/DSC_6232.jpg","type":"image\/jpeg"}],"twitter_card":"summary_large_image","twitter_misc":{"Est. reading time":"3 minutes"},"schema":{"@context":"https:\/\/schema.org","@graph":[{"@type":"WebPage","@id":"https:\/\/davidstrauss.site\/?page_id=164","url":"https:\/\/davidstrauss.site\/?page_id=164","name":"David Strauss Malerei - Bilder und Gedichte des Lebens","isPartOf":{"@id":"https:\/\/davidstrauss.site\/#website"},"primaryImageOfPage":{"@id":"https:\/\/davidstrauss.site\/?page_id=164#primaryimage"},"image":{"@id":"https:\/\/davidstrauss.site\/?page_id=164#primaryimage"},"thumbnailUrl":"http:\/\/davidstrauss.site\/wp-content\/uploads\/2026\/03\/DSC_6232-1024x620.jpg","datePublished":"2018-11-02T15:31:43+00:00","dateModified":"2026-03-15T19:59:04+00:00","description":"Bilder des Malers David Strauss, sowie Gedichte. Die Bilder stehen zum Verkauf, soweit nicht anders vermerkt. Werke des Lebens","breadcrumb":{"@id":"https:\/\/davidstrauss.site\/?page_id=164#breadcrumb"},"inLanguage":"en-US","potentialAction":[{"@type":"ReadAction","target":["https:\/\/davidstrauss.site\/?page_id=164"]}]},{"@type":"ImageObject","inLanguage":"en-US","@id":"https:\/\/davidstrauss.site\/?page_id=164#primaryimage","url":"https:\/\/davidstrauss.site\r\n\/wp-content\/uploads\/2026\/03\/DSC_6232.jpg","contentUrl":"https:\/\/davidstrauss.site\r\n\/wp-content\/uploads\/2026\/03\/DSC_6232.jpg","width":2446,"height":1482},{"@type":"BreadcrumbList","@id":"https:\/\/davidstrauss.site\/?page_id=164#breadcrumb","itemListElement":[{"@type":"ListItem","position":1,"name":"Home","item":"https:\/\/davidstrauss.site\/"},{"@type":"ListItem","position":2,"name":"David Strauss Malerei"}]},{"@type":"WebSite","@id":"https:\/\/davidstrauss.site\/#website","url":"https:\/\/davidstrauss.site\/","name":"David Strauss","description":"Painting for life","potentialAction":[{"@type":"SearchAction","target":{"@type":"EntryPoint","urlTemplate":"https:\/\/davidstrauss.site\/?s={search_term_string}"},"query-input":{"@type":"PropertyValueSpecification","valueRequired":true,"valueName":"search_term_string"}}],"inLanguage":"en-US"}]}},"_links":{"self":[{"href":"https:\/\/davidstrauss.site\/index.php?rest_route=\/wp\/v2\/pages\/164","targetHints":{"allow":["GET"]}}],"collection":[{"href":"https:\/\/davidstrauss.site\/index.php?rest_route=\/wp\/v2\/pages"}],"about":[{"href":"https:\/\/davidstrauss.site\/index.php?rest_route=\/wp\/v2\/types\/page"}],"author":[{"embeddable":true,"href":"https:\/\/davidstrauss.site\/index.php?rest_route=\/wp\/v2\/users\/1"}],"replies":[{"embeddable":true,"href":"https:\/\/davidstrauss.site\/index.php?rest_route=%2Fwp%2Fv2%2Fcomments&post=164"}],"version-history":[{"count":5,"href":"https:\/\/davidstrauss.site\/index.php?rest_route=\/wp\/v2\/pages\/164\/revisions"}],"predecessor-version":[{"id":1964,"href":"https:\/\/davidstrauss.site\/index.php?rest_route=\/wp\/v2\/pages\/164\/revisions\/1964"}],"wp:attachment":[{"href":"https:\/\/davidstrauss.site\/index.php?rest_route=%2Fwp%2Fv2%2Fmedia&parent=164"}],"curies":[{"name":"wp","href":"https:\/\/api.w.org\/{rel}","templated":true}]}}